*u = -u + y. What is the units digit of u?
3
Suppose 5*d = -56 + 6. Let x(o) = -4*o + 29. What is the tens digit of x(d)?
6
Let q = 1483 + -331. What is the tens digit of q?
5
Suppose -2*u + 74 = -76. Suppose 16*i + 10 + 22 = 0. Let h = u + i. What is the units digit of h?
3
Let d = -2166 + 3628. What is the tens digit of d?
6
Suppose -119 = h + 4*y, -30 = 5*h - 3*y + 634. Let f = -82 - h. What is the units digit of f?
9
Let w(p) = 5*p**3 - 5 + 6*p**2 - 4*p**3 + 5*p**2 - 4*p**2. What is the tens digit of w(-6)?
3
Suppose -14*v + 9*v + 160 = 0. What is the tens digit of ((-4)/v*10)/((-2)/304)?
9
Suppose 5*v + 15*k - 1640 = 20*k, -5*k = 20. What is the units digit of v?
4
Let j(q) = 94*q - 6. Suppose 3*k = 5*u + 17, 4*k - 6*u + 3*u - 19 = 0. Let z be j(k). What is the tens digit of z/22 - 10/(-55)?
1
Let v(t) = 14*t**2 + 20*t - 33. What is the tens digit of v(-13)?
7
Suppose -5*b = 0, p - 5*p + 12 = 5*b. Suppose i - 12 = 3*k, 0*i - 2*k - p = i. Suppose -33 = -i*q + 21. What is the units digit of q?
8
Let t be 1646 + 1 - 24/8. Suppose t - 552 = 6*b. What is the hundreds digit of b?
1
Suppose 71*q + 3485 = 5*a + 74*q, -4*a = 3*q - 2788. What is the tens digit of a?
9
Suppose -t + 2*t = 4*i - 1872, 3*i + 4*t = 1385. What is the tens digit of i?
6
Let h = 6 + -3. Suppose h*t = 5*c + 425, 2*c = 6*t - 8*t + 278. What is the units digit of t?
0
What is the units digit of 1 - -300 - (-132)/(-33)?
7
Let d = 790 + -460. Suppose 6*m = -0*m + d. What is the tens digit of m?
5
Let k(r) = -r**3 - 6*r**2 - 3*r - 14. Let i be k(-6). Let w be 0 - i/8*-10. What is the tens digit of 69 - (4 - w)*-4?
6
Suppose 2*r - 6*r + 392 = 0. Suppose 2*p - r = 110. Let f = p - 60. What is the units digit of f?
4
Suppose 2*z + 2 = 8. Suppose -5*x - 2*b + 170 + 25 = 0, -2*b = -z*x + 117. What is the units digit of x?
9
Suppose -8*n + 119 = -2169. What is the hundreds digit of n?
2
Suppose u + 1657 = -0*d + 4*d, 416 = d - 2*u. What is the hundreds digit of d?
4
Let j(b) = -4*b**2 + 12*b + 1331. What is the hundreds digit of j(0)?
3
Suppose -106*h + 50374 = -112124. What is the thousands digit of h?
1
Suppose -33*w + 27*w + 12 = 0. What is the tens digit of (-6 - 0)/(w - 0) + 26?
2
Suppose -5*k + 15 = 5*y, 0*y = k + 4*y. What is the units digit of k/5 + 7328/40?
4
Let z be 24/(-4) - -3 - (-34 + 2). Suppose 92 = -28*s + z*s. What is the units digit of s?
2
Let s = 103 + -87. Suppose l + l - s = 0. What is the units digit of l?
8
Suppose 5*y - 4*l - 608 = 47, 2*y + 5*l = 229. Let p = -37 + y. What is the tens digit of p?
9
Let h(s) = -s**3 + 9*s**2 + 10*s - 5. Let j be h(10). Let t(p) = 2*p**2 + 2*p + 7. What is the units digit of t(j)?
7
Let d(z) = z - 166. Let s be d(0). Let k = s - -365. Suppose -k = -5*c - 34. What is the units digit of c?
3
Let q be 2/6 + (-56)/42. Let s(z) = 4*z - 24. Let t be s(10). What is the tens digit of -2 - (q - t - -2)?
1
Suppose -2*y + 15 - 9 = 0. What is the units digit of 32 - (4 + y/9*-3)?
9
Let x(q) be the second derivative of q**4/6 + q**3 - 25*q**2/2 - 2*q + 25. What is the hundreds digit of x(10)?
2
Let a(v) = -v**3 - 6*v**2 + 2*v - 7. Let i be a(-6). What is the units digit of 13 - i - (-1 - -5)?
8
Let q = -69 - -69. Suppose z - i - 46 = q, i - 4 = -3*i. What is the units digit of z?
7
Suppose -134*s = -153*s + 10659. What is the units digit of s?
1
What is the hundreds digit of (-482776)/(-224) + 3/(-12)?
1
Let s(v) = -3*v + 242. What is the units digit of s(0)?
2
Let q(w) = 16*w**2 + 81*w - 18. What is the thousands digit of q(-12)?
1
What is the tens digit of (-24)/54 + (-134075)/(-45)?
7
Let v(x) = -x**2 + 4*x - 1. Let k be v(5). Let z(s) = 4*s**2 - 3*s + 9. What is the tens digit of z(k)?
7
Let v(w) = w**3 - 10*w**2 - 5*w + 2. Let p be v(11). Suppose -3*o - o = -p. What is the tens digit of o?
1
Let g = -579 + 1317. What is the tens digit of g?
3
Let b(s) = s - 7. Let q(w) = w - 1. Let u(o) = b(o) - 2*q(o). Let z be u(-4). What is the tens digit of 65/5 + z/(-1)?
1
Let r be (-4)/(-18) + (-258)/(-54). Suppose 0 = 5*d - r*l - 40, 0*l - 3*l + 6 = 3*d. Suppose d*q - 81 = -6. What is the tens digit of q?
1
What is the units digit of -4 + (1 - -1) - (-113)/1?
1
Let k = -13 + 10. What is the tens digit of (-1)/(4/(-65 + k))?
1
Let n = -22 + 16. Let m = -5 - n. What is the units digit of (m + 54/4)*2?
9
Suppose 3*p - 776 = -3*i + 799, -i = 5*p - 2641. What is the hundreds digit of p?
5
Let t(l) = 131*l**2 + 12*l + 2. What is the units digit of t(2)?
0
Let r be ((-4)/(-8) - 0) + (-5)/(-2). Suppose -10 = -r*z + 92. What is the tens digit of z?
3
Suppose -2*t + 46 = -48. Let o be 1 + t + (-7)/7. What is the units digit of o/3 - 20/30?
5
Suppose -a = -2*k + 4, 5*a - 7*k = -2*k - 30. What is the tens digit of 2/1 + (124 - (5 + a))?
2
Suppose 0 = 46*c - 44*c + t - 8211, t + 20538 = 5*c. What is the thousands digit of c?
4
Let t = 83 + -16. Let v = 151 - t. What is the tens digit of v?
8
Suppose -2*n - q + 315 = -235, -3*n - 3*q = -819. What is the hundreds digit of n?
2
Let x(j) be the first derivative of j**3 + 5*j**2 - j - 2. What is the units digit of x(3)?
6
Let p be 11/(-3) + 11/(-33). Let z = 8 + p. Suppose -23 = -m - z*v - 5, 3*v + 44 = 5*m. What is the units digit of m?
0
What is the tens digit of 19002/90*3 - (-4)/(-10)?
3
Suppose 0*h - 19*h = -8037. What is the tens digit of h?
2
Let s = 439 + -322. What is the units digit of s?
7
What is the tens digit of 0 + (322/5)/(4/10)?
6
Suppose 3*g - 4*g + 1 = 0. Let y be 2 + (194 + 4)/g. Suppose -2*c = -7*c + y. What is the tens digit of c?
4
Let g = 52 - 14. Suppose 9 = -r + 2*s, s = 5*r + g + 7. What is the units digit of (-6)/r - 64/(-12)?
6
Let j(y) = -y**2 + 10*y - 12. Let h be j(8). Suppose 0*o + 292 = h*o. Suppose -22 - o = -5*g. What is the units digit of g?
9
Suppose -2*r = 4 - 2. Let a be 83/(-1) + (-2 - (-1 - -1)). What is the units digit of r/(a/42 + 2)?
2
Let q be (-2)/(-4) - (-293)/2. Suppose b - 1 = 4, -q = -4*n + b. Suppose 0 = -r - 5*m + n, 3 = 5*m - 12. What is the units digit of r?
3
Let p(c) = 6*c**2 + 62 + c - 59 + 9*c. What is the tens digit of p(-4)?
5
Suppose 5*h + 6*n = 5*n + 1150, -920 = -4*h - 5*n. What is the tens digit of h?
3
Suppose 0 = -7*u + 5*u - 2, -4*n - 2*u + 50 = 0. What is the units digit of n?
3
Let l(i) = 3*i**2 + 36*i + 23. Let p(v) = 2*v**2 + 18*v + 11. Let w(m) = -3*l(m) + 5*p(m). What is the tens digit of w(27)?
2
Let i be 124/((-88)/(-20) + -4). Suppose -2*l + 204 = -4*s, -l + i = 2*l - 4*s. What is the hundreds digit of l?
1
Let i = -130 - -119. Suppose 39 = 3*m - 0. Let j = i + m. What is the units digit of j?
2
Suppose -5*s - 25 = -10. Let p(d) = 151 - 150 + d**2 - 2*d + d. What is the units digit of p(s)?
3
What is the units digit of 39 - 1*(-8 - -1)?
6
Suppose 0 = -4*f + 3*l - 15, -4*f - f = -l + 5. Suppose 2*o + 3*o - 15 = f. Suppose o = 3*w - 9. What is the units digit of w?
4
Let d = -50 + 67. What is the units digit of d?
7
Let h be 210/28*104/6. Let t = -77 + h. What is the tens digit of t?
5
Let j be -20 + 6/(24/20). What is the units digit of (-2)/j - (-16265)/75?
7
Let b = -36 - -39. Let k(w) = 4*w - 5. What is the units digit of k(b)?
7
Suppose f - 1120 = -c, 3*f - 3365 = 8*c - 6*c. What is the thousands digit of f?
1
Suppose -5*x + 32*x = 26001. What is the hundreds digit of x?
9
Suppose -6*p - 2*q = -4*p + 42, 3*p = 3*q - 93. Let w(x) = -7*x + 9. What is the units digit of w(p)?
1
Suppose 0 = -3*j, -2*j + 7*j - 104 = -4*o. Suppose 4*f - 8 = 12, 4*t + 4*f = -28. Let x = t + o. What is the tens digit of x?
1
Let n be 87 + (-4 - -2 - -4). Let i = -38 + n. Let v = 0 + i. What is the units digit of v?
1
Let b be 98/21*270/(-21). What is the tens digit of 5/(b/124)*-9?
9
Let n(m) = -m**3 + 8*m**2 + 5*m + 95. What is the hundreds digit of n(-8)?
0
Suppose -248 = -7*s + 60. Suppose s = f - 76. What is the units digit of f?
0
Suppose 2*c + 5*h - 27 = 0, c - 5*h + 3 + 6 = 0. What is the tens digit of (48/(-32))/(c/(-112))?
2
Let f(w) = -5*w**3 + 15*w**2 + 18*w - 16. Let x(m) = -4*m**3 + 15*m**2 + 19*m - 15. Let c(q) = -5*f(q) + 6*x(q). What is the units digit of c(-13)?
6
Let p(j) = -233*j**3 + 4*j + 3. What is the hundreds digit of p(-1)?
2
Let a(h) = -3*h + 2. Let f be a(4). What is the units digit of 1701/15 + 4/f?
3
Let z be (-17)/8 + 2 - 8